1/(-54)). What is the highest common divisor of v and 154?
11
Suppose q - 4*h - 24 = 0, 0 = -5*q - h + 5*h + 40. Let n be 27 + (-5)/(-10)*10. What is the greatest common factor of n and q?
4
Let k(m) = 91*m + 31. Let d be k(3). Calculate the highest common divisor of d and 32.
16
Let b = -20 - -42. Let j be (26/(-8))/(b/(-88)). What is the highest common divisor of j and 65?
13
Let j be (-1)/(2 + 50/(-24)). Let d be 248/j + 2/(-3). What is the greatest common factor of 10 and d?
10
Let t = 26 + -21. Suppose 0 = t*p - 10, 5*y + 158 = 7*p - 3*p. Let z be (-4)/y + 356/30. What is the highest common factor of z and 108?
12
Suppose -2*w + 115 = -105. What is the highest common divisor of 814 and w?
22
Suppose w + 4*w = 125. Let t = -10 + w. Suppose t = -5*c, 5*p = 2*c + 12 - 1. What is the greatest common divisor of p and 2?
1
Suppose 4*h + 5*g + 208 + 163 = 0, -520 = 5*h - 5*g. Let j = 163 + h. What is the highest common divisor of j and 16?
16
Let c be 89/(-7) - 2/7. Let n be 24/13 - 2/c. Suppose 0 = 2*t + 5*g - 64 - 33, n*t - 67 = g. Calculate the greatest common divisor of 12 and t.
12
Suppose 2 = 3*t - 7. Let g(w) = 5*w**2 + 3*w + 4. Let v be g(-1). Calculate the highest common factor of t and v.
3
Suppose 4*f = 16*f - 240. What is the greatest common factor of 12 and f?
4
Let w(l) = 3*l**2 - 6*l - 70. Let i be w(6). Calculate the greatest common divisor of i and 214.
2
Suppose -30 = -a - 2*b, 4*b = 3*a + 8*b - 82. What is the highest common divisor of 11 and a?
11
Suppose -8*h + 54 + 114 = 0. Let b(q) be the first derivative of 41*q**3/3 + q + 2. Let m be b(1). Calculate the highest common divisor of m and h.
21
Let b = 213 + -141. Let w be (118/(-177))/((-1)/72). Calculate the highest common divisor of b and w.
24
Let x = -52 - -11. Let s = 46 + x. What is the greatest common divisor of s and 45?
5
Suppose -8 = 3*y + 7, 4*y + 35 = 3*h. Suppose -4*n + 4 = -0*n. Calculate the highest common factor of h and n.
1
Let l be 152/2*(-3)/(-6). Calculate the greatest common divisor of l and 19.
19
Let o(l) be the first derivative of -l**4/4 - 10*l**3/3 - 3*l**2/2 + 20*l - 29. Let p be o(-10). What is the highest common divisor of p and 400?
50
Let w be (-10)/25 + (-7)/((-35)/1192). Calculate the highest common divisor of 98 and w.
14
Let k(x) = 9*x + 166. Let c be k(-16). What is the greatest common factor of 154 and c?
22
Let q = 483 - 427. What is the greatest common divisor of q and 56?
56
Suppose 5*g + 4*r = 20, -5 + 25 = 5*g + 3*r. Let l be (-5 + g)/((-3 + 0)/375). What is the highest common divisor of l and 50?
25
Let j = -1990 + 2347. What is the greatest common factor of 510 and j?
51
Let a(i) = 3*i**2 - 4*i - 15. Let m be a(5). Suppose -l = 4*o - m, 5*o + 2*l + 3*l - 50 = 0. Calculate the highest common factor of 80 and o.
10
Suppose -t - 22 = 71. Let d = 111 + t. Calculate the greatest common factor of d and 9.
9
Let g be 477/5 - ((-54)/(-10) + -6). Calculate the greatest common factor of g and 336.
48
Suppose 13*f - 11*f - 90 = 0. Let t = f + 39. Calculate the highest common factor of 12 and t.
12
Let y(l) = -11*l**3 + 13*l + 26. Let x be y(-2). Calculate the highest common factor of 99 and x.
11
Suppose 5*l + 5*t = 80, 9*t = 3*l + 4*t - 16. Suppose -3*a + 57 = -v + 45, 2*a - 8 = v. Calculate the greatest common factor of l and a.
4
Suppose -1226 = -3*z - 4*n, -5*z + 502 = 2*n - 1546. What is the greatest common factor of 656 and z?
82
Suppose 5*u - 4*u = 122. Suppose -3*t + u = 2*i + 3*i, -4*t - 54 = -2*i. Calculate the highest common factor of 10 and i.
5
Suppose 0 = 2*w - 4*m - 904 - 778, -825 = -w - 2*m. Calculate the highest common factor of w and 49.
49
Let x(v) = v**3 + 13*v**2 + 9*v + 11. Let q be x(-10). Suppose -6*z - 41 = -q. What is the highest common factor of 6 and z?
6
Suppose h + 1 = 0, 5*s - h + 1302 = 2*h. Let g = 376 + s. Suppose -23 = -2*a + a. Calculate the highest common divisor of g and a.
23
Let w(m) = -8*m**3 + 4*m**2 + 4*m. Let u be w(-2). Calculate the highest common divisor of u and 72.
72
Let g(z) = -z**2 - 14*z + 2. Let o be g(-14). Suppose -o*f + 2 = -f. Calculate the highest common factor of f and 18.
2
Suppose t = -3*q + 32, -t - 5*q - 100 = -6*t. Suppose -i + 3 + 1 = 0. Let j be 1242/24*i/1. Calculate the greatest common divisor of t and j.
23
Let w = -40 - -80. Suppose -w*i - 24 = -42*i. Let c(d) = -59*d + 1. Let b be c(-1). Calculate the highest common factor of i and b.
12
Let k(y) = -9*y + 6. Let l be k(-16). Suppose l - 630 = -5*p. Calculate the greatest common factor of 24 and p.
24
Suppose 144 - 40 = -u + 2*r, 5*u = -5*r - 490. Let f be (-58)/((-1)/(-4) + 65/u). Let v = 100 + -42. Calculate the highest common divisor of f and v.
29
Suppose -q + 7*q = -13*q + 57. Let g(s) = -3*s + 6. Let k be g(-6). What is the highest common divisor of q and k?
3
Let l be (-966)/(-9)*(-9)/(-6). Let p = 302 - 279. What is the greatest common divisor of l and p?
23
Let h(j) = j**3 - 29*j**2 + 28*j + 24. Let x be h(28). Calculate the highest common divisor of x and 108.
12
Suppose n + 143 = o, 10 = 3*n + 22. Suppose 5*k - 16 = o. Calculate the greatest common factor of 93 and k.
31
Let m be (-306)/(-7) + (1 - 10/14). Let p = m - 28. What is the highest common factor of 2 and p?
2
Suppose 39 = 9*r - 132. Suppose -4*l = -l - 2*u - 165, l = 4*u + 45. What is the greatest common divisor of r and l?
19
Let j be (-16)/4*(-2436)/112. What is the greatest common factor of j and 696?
87
Suppose -3*n = c - 5 - 8, 0 = -n - 2*c + 11. What is the highest common divisor of n and 17?
1
Let v be 6/(-21) + 30/7. Suppose 11 = -3*t + 263. Suppose d + 4 = -4*p, -2*d + t = 2*d - 4*p. Calculate the highest common divisor of d and v.
4
Suppose 2*a + 5688 = -4*f, -1482 = 4*a - 2*f + 9884. Let b = -1678 - a. Let i be 2/9 - b/(-108). What is the greatest common factor of i and 99?
11
Let n = -12 - -2. Let l = -7 - n. Let h be (-186)/(-18) - 1/l. Calculate the greatest common factor of 5 and h.
5
Let f(u) = -u**2 - 7*u - 5. Let s be f(-8). Let b(y) = -y**3 + 1 - 13*y**2 - 13 + 3 - 2*y - 7. Let w be b(s). Calculate the highest common factor of 40 and w.
10
Let z = -96 + 86. Let g = 13 + z. Calculate the highest common factor of 2 and g.
1
Suppose 5*t = -2*g + 284, -5*g - 29 + 685 = -t. Calculate the highest common factor of g and 33.
33
Suppose -6*k + 3*k + 555 = 0. Suppose d + 1 = 0, 7*d - 2*d = 4*x - k. Suppose 4*f = -f + x. Calculate the greatest common factor of f and 36.
9
Let p be 24/16*(2 + (-28)/(-3)). Suppose 7*v - 4*v + 3 = 0, -5*v + 63 = d. Calculate the highest common divisor of d and p.
17
Let a = -64 - -110. Suppose -5*j = 19 + a. Let n = -2 - j. What is the greatest common divisor of n and 55?
11
Let z be ((-65)/(-20))/(12/432). What is the greatest common factor of z and 312?
39
Suppose 6 = -3*i, 25*g = 28*g - 3*i - 177. Let l be 2 + 1/2*34. What is the greatest common divisor of l and g?
19
Let u be (-14)/(1/(9/(-6))). Suppose i - 19 - u = 0. Calculate the greatest common divisor of 5 and i.
5
Let p = 201 - 69. Let f = -1 - -13. Calculate the highest common divisor of p and f.
12
Suppose -2*l = -5*l + 2*p + 128, -p + 167 = 4*l. What is the highest common factor of 798 and l?
42
Suppose 16*s - 4960 = -15*s. Calculate the greatest common factor of s and 180.
20
Let q(i) = i**3 + 5*i**2 - 5*i - 3. Let u be q(-5). Let x = -145 - -262. Let y = 172 - x. What is the greatest common divisor of y and u?
11
Suppose 2 + 8 = 5*i. Suppose 5*k - i*x + 50 = 0, x - 27 = 4*k + 2*x. Let y be 63*5*k/(-60). Calculate the highest common divisor of 14 and y.
14
Let n(y) = y**2 + 10*y + 24. Let u be n(-7). Suppose -2*w = 3*h - u*w - 75, w = -2*h + 55. Calculate the highest common factor of h and 286.
26
Let h = -6 + 30. Suppose 3*t - 36 = 36. What is the highest common factor of t and h?
24
Suppose 990 = 21*a - 15*a. Calculate the highest common factor of 66 and a.
33
Suppose w + 12*h - 15*h = 53, 0 = -w + 2*h + 56. Calculate the greatest common divisor of 2 and w.
2
Let u(h) = h**3 - 3*h**2 - h - 8. Let l be u(4). Calculate the highest common divisor of 32 and l.
4
Let a be (-6)/3 - -2 - 86. Let y = a - -152. Suppose 12 = -2*b + 4*b. What is the highest common factor of y and b?
6
Let y = 348 + -128. Suppose 0 = -5*f + 4*k + y - 0, -5*k = 25. Calc